*b**2 - 4*b. Let c be f(5). What is the highest common factor of c and h?
5
Suppose -p + 10 = -3*y, 3*p = -p - 2*y + 26. Suppose -4*f = -p*f + 9. What is the highest common factor of 3 and f?
3
Suppose 4*v = i + 23, 0*v - 2*i = 3*v - 9. Suppose -2*r = -v*r + 42. Suppose 0 = -4*t - t + 490. Calculate the highest common divisor of t and r.
14
Suppose -2*g - 60 = -4*c, -g = 3*c + 12 - 57. Suppose -u = 5 - 6. Suppose u = -p + c. Calculate the highest common factor of 2 and p.
2
Let b be (-81)/(-2)*(-610)/(-183). Calculate the greatest common factor of b and 15.
15
Let y be ((-52)/65)/(2/(-10)). Suppose -11 = -f + 4*v, y*f = 2*v + 8 + 36. What is the greatest common factor of f and 11?
11
Let d = -473 + 448. Let n be 0/(1 + 0) - 6. Let v be (-270)/d*(-20)/n. Calculate the highest common factor of v and 4.
4
Suppose 4*t - 3 = -19. Let m = -23 - -43. Let p be (-220)/(-25) - t/m. Calculate the highest common factor of 6 and p.
3
Let j = -150 + 102. Let g be (-1)/(-8) + (-570)/j. Calculate the highest common factor of g and 4.
4
Suppose -157 = 31*j - 622. Calculate the highest common divisor of j and 375.
15
Let t = -174 - -195. Let j be (-4)/(-8) + (-377)/(-2). Calculate the highest common divisor of t and j.
21
Suppose 4*n - n = -96. Let v = n + 58. Calculate the highest common divisor of 26 and v.
26
Suppose -15*v + 52 = -8. Suppose 4*j + 12 = -m, j - v*j - 47 = -4*m. Calculate the highest common factor of 44 and m.
4
Let g(j) = 7*j**2 + 2*j**2 + j**2 - 1 + 4*j + j**2. Let f be g(-4). Calculate the greatest common divisor of 53 and f.
53
Let u be 35/(630/(-108)) - (0 + -48). What is the highest common factor of 133 and u?
7
Suppose 2*q - 2*u - 256 = -3*q, u = -q + 54. Calculate the greatest common factor of q and 442.
26
Suppose -4*c = 16, -176 = -j + 4*c + 571. What is the greatest common divisor of 43 and j?
43
Let b(v) = v**3 + 7*v**2 - 19*v - 57. Let x be b(-6). Calculate the highest common divisor of x and 155.
31
Let m = -27 + 40. Suppose -43 + m = -5*v. Suppose -v*i + 7*i = 84. Calculate the highest common factor of 210 and i.
42
Suppose -c - 4*c = -650. Let w = -453 - -463. Calculate the greatest common divisor of w and c.
10
Let n(r) = -9*r**2. Let l = 3 - 2. Let u be n(l). Let j be ((-6)/u)/(6/216). Calculate the greatest common divisor of 60 and j.
12
Let m(k) = -k**3 - 5*k**2 + 7*k. Let g be m(-7). Calculate the highest common factor of g and 2597.
49
Let c = 98 - 96. Let h be 0/c + 6/1 + -1. Calculate the greatest common divisor of 20 and h.
5
Let f be (-6)/10 - (-108)/20*4. What is the greatest common divisor of 3 and f?
3
Let s be (-1)/2 + 793/26. What is the highest common factor of 495 and s?
15
Let c be 1/(-4) - (-13 - 4712/32). What is the highest common divisor of c and 10?
10
Let m(o) = o**3 + 7*o**2 - 8. Let k be m(-4). Suppose -16*x = -19*x + 24. Calculate the greatest common divisor of x and k.
8
Let i = 64 - 31. Let d = i + -20. Let j = d - -12. Calculate the highest common factor of 225 and j.
25
Let z(a) = -5*a + 2*a - 1 + 2*a + 100*a**2 - 1. Let u be z(-1). Suppose 43 = 5*r - 2*r + 4*q, -4*r = q - 40. Calculate the greatest common divisor of u and r.
9
Let w = -119 - -115. Let c be (w/(-3))/(16/120). What is the highest common divisor of c and 90?
10
Let b(t) = 4*t**2 + 2*t + 2. Let k be b(-1). Calculate the greatest common factor of k and 38.
2
Let f(k) = -k**3 + 9*k**2 - 6*k + 4. Let d be f(6). Let x = -10196 + 10200. What is the highest common divisor of d and x?
4
Let p be 2*6/(-16)*-72. Let z(w) = -9*w - 63. Let o be z(-11). What is the highest common divisor of p and o?
18
Suppose 6*n - 3*n = 5*w + 1113, -5*w - 3*n = 1137. Let b(i) = -105*i**2 + i. Let f be b(1). Let t = f - w. What is the highest common factor of 11 and t?
11
Suppose -8*i + 462 = 3*z - 5*i, 0 = 3*z + 5*i - 458. What is the highest common factor of 12 and z?
12
Let l(j) = -j**2 - 5*j + 59. Let c be l(-10). Let w(k) = k**2 - k + 7. Let y be w(5). Calculate the highest common factor of y and c.
9
Suppose 3*t = 23 - 5. Let o(f) = f + 20. Let j be o(t). What is the highest common divisor of 286 and j?
26
Let h(g) = 290*g**2 - g - 1. Let r be h(1). What is the highest common factor of 36 and r?
36
Let l(z) = z + 2. Let r be ((-3)/2 + 1)*-10. Let o be l(r). Let c = o + -3. Calculate the greatest common factor of c and 4.
4
Let t(q) = 25*q + 85. Let u be t(5). What is the highest common factor of 6 and u?
6
Let p = -633 - -681. What is the greatest common divisor of p and 216?
24
Suppose -172 = -5*o - 0*o + i, -2*i + 6 = 0. Suppose o + 13 = 3*w. Calculate the greatest common factor of w and 144.
16
Suppose 2*n = -4*k - 134, k + 171 = -3*n - 40. Let l = n - -113. Suppose -5*t = 3*t - 168. Calculate the greatest common factor of t and l.
21
Suppose -2*w - 2*b - 238 = 0, 0 = 3*w + b - 5*b + 329. Let j = 166 + w. Calculate the greatest common factor of 34 and j.
17
Let i be -2 + (-4)/(-14) + 47203/91. Calculate the highest common factor of i and 11.
11
Suppose 0*z = -z - 10. Let m = z - -12. Calculate the greatest common factor of m and 18.
2
Let h be 4 + (-99)/24 + 1009/8. Suppose -40 = -4*t + 16. Calculate the greatest common factor of h and t.
14
Let k = -1220 - -1223. Suppose 3*g + y - 1 = 0, -g - 2*y = -y + 1. Calculate the greatest common divisor of g and k.
1
Let w(b) = b**2 - 5*b - 4. Let n be w(-3). Let o = n + -20. Suppose o = x + 3*x - 196. Calculate the highest common divisor of 7 and x.
7
Suppose 0 = b + b - 10. Suppose b*q - 7 = -2. What is the greatest common factor of 5 and q?
1
Suppose -5*i + 2*k + 821 = 0, 23*i = 20*i - 5*k + 505. Calculate the greatest common divisor of 297 and i.
33
Let n = 59 + -85. Let c(m) = m**3 + 26*m**2 - m - 8. Let t be c(n). Calculate the greatest common divisor of 4 and t.
2
Suppose 4*r = -4*b - 24, -3*r = 4*b - r + 28. Suppose 4*o + 48 = -4*n, 5*o = -5*n + 2*n - 56. Let l = b - o. What is the highest common factor of l and 4?
2
Suppose 3*b - 29 = -2*d, b - 10 = -b. Suppose 5*s = -2*s + d. Calculate the greatest common factor of 7 and s.
1
Let z be (-5)/((-1105)/110 + 10). What is the highest common divisor of z and 209?
11
Suppose -4 = 12*r - 13*r. Suppose 0 = -4*s - 4*f + 32, 0 = 4*s - 5*s + r*f + 18. Calculate the greatest common factor of s and 50.
10
Suppose 69*s - 71*s = 5*r - 42, s = 4*r + 34. Calculate the greatest common factor of 689 and s.
13
Suppose 5*j = -i + 43, 0 = -j + 5*i + 10 + 9. What is the highest common divisor of j and 6?
3
Let f be (-1236)/(-42) + (-8)/(-14) - 5. Calculate the highest common divisor of 40 and f.
5
Suppose 9 = 70*u - 67*u. Suppose 2*n - g = -5*g + 100, 0 = 4*n - 2*g - 170. Let l = n + -11. Calculate the greatest common factor of l and u.
3
Let n be -4 + 16 - 2 - (-6)/3. Calculate the highest common divisor of n and 300.
12
Suppose 6*r = -4*d + r + 867, 5*r = 15. Let v = d + -143. Let g be 156/11 - 20/110. Calculate the greatest common divisor of v and g.
14
Let m(x) = -2*x**2 - 12*x - 2. Let w be m(-5). Calculate the greatest common divisor of 16 and w.
8
Suppose -9*c = -6*c - 2*p + 100, -c - 37 = 3*p. Let t = -28 - c. Calculate the highest common factor of 12 and t.
6
Let x be (-4)/(-6) - ((-2184)/9)/14. What is the greatest common divisor of x and 6?
6
Suppose 3*g + 1 = 13, 0 = -3*n + 4*g + 1337. Calculate the greatest common factor of n and 82.
41
Suppose -u - 3638 = -3716. Calculate the highest common divisor of 78 and u.
78
Let f(k) = -k**2 - 3*k - 4. Let v be f(-3). Let d = 1565 + -1566. Let w be (213 - 1) + v/d. Calculate the greatest common factor of w and 24.
24
Let h = 627 + -461. Calculate the highest common divisor of h and 249.
83
Let b = -100 + 705. What is the highest common divisor of 110 and b?
55
Let y = -90 - -700. Calculate the highest common factor of y and 10.
10
Suppose 2*j = 79 + 361. Let p(v) = 2*v**2 + 5*v + 5. Let w be p(-6). Let u = -27 + w. Calculate the greatest common divisor of j and u.
20
Suppose -3 = -r, -23 = -q - 4*r + 14. What is the greatest common divisor of q and 10?
5
Let m = 8 - 6. Let c(q) = 0*q**3 + q**3 + 8 - 6 - q + m*q**2. Let l be c(3). Calculate the greatest common divisor of 4 and l.
4
Suppose -180 = -2*o - 3*o. Let j be (2 + (-6 - -1))*572/(-429). What is the highest common divisor of j and o?
4
Suppose 0 = -5*b - 5 - 0.